52)*(-208)/(-6). Let u = i - -20. Suppose 3*h - 1077 = -u. Is h prime?
True
Suppose -15*i = -8*i + 28. Is (-40)/(-30)*(-1137)/i a composite number?
False
Suppose 7*n = -320 + 3855. Is n a prime number?
False
Is -7*(-9)/252*39356 prime?
True
Let d(f) = 7*f**3 + 12*f**2 - 23*f + 33. Is d(8) a prime number?
True
Let o be -188 - ((-4)/12)/(1/(-9)). Is (o*1)/(1*(-2)/2) a composite number?
False
Let y = 10 - -2. Let m(i) = -5*i**2 + 17*i - 2. Let g be m(y). Let h = 765 + g. Is h composite?
True
Let b be (24/15)/((-4)/40). Let n(t) = -22*t - 17. Is n(b) a prime number?
False
Suppose 43*x = 15*x + 318724. Is x a composite number?
False
Let c be 8 + (-4 + 2 - 1). Let j(i) = 71*i + 7. Let l be j(c). Suppose -3963 = -5*n + l. Is n a composite number?
True
Suppose 0*o + 4*h - 4 = 3*o, 2*o - 5*h + 5 = 0. Suppose 5*k + a - 664 = 0, 3*k - 5*a - 30 - 374 = o. Is k a composite number?
True
Let y(u) = -2*u**3 - 2*u**2 + 43*u + 23. Is y(-18) prime?
False
Let u(h) = h + 4. Let j be u(-4). Suppose j*g = 5*g - 3545. Is g composite?
False
Suppose -12*d = -12316 - 4448. Is d prime?
False
Let n = 393 + -89. Suppose n + 249 = 7*c. Is c composite?
False
Let i be 27/18 - (-2661)/2. Suppose 3*w + 5*d = 2667, 3*d - 1335 = -3*w + i. Is w a prime number?
False
Let x(u) = u**3 + 33*u**2 - 117*u - 17. Is x(-36) a composite number?
False
Suppose 3*l + 0 = 2*b - 1, 4*l = -b + 17. Suppose -216 = -6*h + l*h. Suppose 0*s + 2*s = 3*x + h, 5*s - 161 = -2*x. Is s a composite number?
True
Suppose 520 = -5*l + 7*l. Let n = l - 59. Is n a prime number?
False
Let d(h) = 17*h**2 + 39*h + 43. Is d(24) prime?
True
Let r(x) be the second derivative of x**5/4 - x**4/12 + x**3/6 - x**2/2 + 8*x. Is r(2) composite?
False
Let o = 16491 - 10426. Is o a prime number?
False
Let b(q) = q**2 + 14*q + 2. Let v be b(-12). Let k = v + 273. Is k prime?
True
Let f be (1/2)/((-1)/(-6)). Let d = -1710 - -2879. Suppose -d = -10*x + f*x. Is x a prime number?
True
Let g = 29 + 3. Is g/56 - 969/(-7) composite?
False
Suppose -435 - 725 = 5*m. Let i = m - -467. Is i prime?
False
Let a be ((-4)/(-10))/((-8)/(-40)). Suppose 9*q - 5*o = 4*q + 12250, o = -a*q + 4909. Is q a prime number?
False
Let i(z) = 5*z**3 + 3*z**2 + 9. Suppose g + 2*l - 4*l = 18, 0 = g - 4*l - 28. Is i(g) a composite number?
True
Let t = -1 + -3. Is (t + 3)/(2/(-402)) a prime number?
False
Suppose 11*v - 119470 - 29041 = 0. Is (-4 + 2 + 1)/((-23)/v) composite?
False
Let d(y) = -13*y**3 + 4*y**2 - 2*y - 4. Let a be d(-3). Suppose 0*w - w = -a. Is w composite?
False
Let r be -3 - (1 - 209)/4. Suppose -1 = 8*o - r. Suppose 2*z + 596 = o*z. Is z prime?
True
Suppose 5 = -z, 5*u - 2*u - 10 = -4*z. Let a be (-564)/15*u/(-4). Suppose -2*k + a = 4*p - 0*p, 100 = 2*k + p. Is k a composite number?
True
Suppose -c + 0*c + 466 = 0. Suppose c = p - 105. Is p a composite number?
False
Let j(g) = 138*g - 233. Is j(10) a prime number?
False
Suppose 0 = m + 4*v - 14891, m + 2294 - 17203 = 2*v. Is m a prime number?
False
Let p(r) = r**2 - 22*r - 33. Is p(-14) prime?
False
Suppose j = 4*b - j + 5448, -3*b + 3*j - 4083 = 0. Is (-1 - 0)*b - (-3 - -5) prime?
True
Let t = 13 + -8. Let u = 10 - t. Suppose 4*f + 345 = v + 2*v, 4*v - 460 = u*f. Is v prime?
False
Is (12/30)/(10/89275) composite?
False
Let f(m) = m + 11. Let r be f(-8). Suppose 4*h + r*d + 331 = 961, 0 = h + d - 157. Suppose 0 = -3*w - h + 540. Is w prime?
True
Suppose 13432 = 4*g - p - 17043, -3*g + 22858 = p. Is g a composite number?
True
Suppose 0 = z - 2*k - 6, 3*k - 2*k = -1. Suppose 2 = -5*j - 2*t + 6, 0 = z*j - 4*t - 20. Suppose j*y - 548 = 1230. Is y a composite number?
True
Suppose -5 + 23 = 4*m - 3*x, m - 5*x = -4. Suppose 3*s = -q + 6*q - 15, 5*s = -2*q + m. Suppose s = -4*f + 364 + 208. Is f a composite number?
True
Let z = 7664 + -5085. Is z prime?
True
Suppose -4*n = -9*n - 15. Let h be (6/(-2))/(n/134). Let o = h - 77. Is o composite?
True
Suppose 4*m - 12 + 0 = 0. Suppose -m*i = 15, -3*v - 2*i + 166 = -91. Is v + 0 + -3 + 3 a composite number?
False
Let f(d) = -7*d**2 + 12*d + 89. Let y(t) = 2*t**2 - 3*t - 22. Let v(c) = 2*f(c) + 9*y(c). Is v(-13) a prime number?
False
Suppose -o = 4*i - 5*o - 73424, -i + 5*o = -18368. Is i a prime number?
True
Suppose 12*z = 17*z - 7555. Is z a composite number?
False
Is 2464 + -36 - 5*1 prime?
True
Suppose -6*c + 12145 - 3415 = 0. Let o = c - 776. Is o prime?
False
Let h = 10 - 6. Let b = h + 2. Is (-3622)/(-4) - 3/b a composite number?
True
Let a(i) = -6*i + 19. Let y be a(4). Is (-2)/(3 + y)*118 prime?
False
Let f(h) = -177*h + 16. Let g(k) = -178*k + 17. Let d(q) = -7*f(q) + 6*g(q). Let m(c) = -172*c + 11. Let z(r) = -6*d(r) - 5*m(r). Is z(-2) composite?
False
Is (-4)/(-10) - (-393626)/10 - 4 prime?
True
Let v = -19578 + 29789. Is v composite?
False
Suppose -2*p + 1365 = 5*k + 3*p, -2*k + 570 = -4*p. Let o = -150 + k. Is o a composite number?
False
Suppose 9 = 4*f - 15. Suppose 0 = 2*u, u = -3*d + d + f. Suppose 2568 = 3*a + a - r, 2*a = d*r + 1294. Is a prime?
True
Suppose -5*c - 4*s - 51 = -399, -332 = -5*c + 4*s. Is -1 + 7/(14/c) composite?
True
Let w = 53 + -49. Suppose 4*r + 19 = -1, r - 1647 = -w*h. Is h a prime number?
False
Let s = 4 + 0. Let h = 0 - -2. Suppose -s*b + h*b = -182. Is b a prime number?
False
Suppose 9*m = 10*m - 914. Is m a prime number?
False
Suppose -165 = -3*x + 9801. Suppose -5*j + 2*c - 5*c + 8305 = 0, -5*c + x = 2*j. Is j a composite number?
True
Suppose 2*u - 31 = h, -107 = 2*h - 0*h + 5*u. Let z = -587 - -935. Let i = z + h. Is i composite?
False
Is 10/(-4)*84020/(-50) prime?
True
Suppose -4*n = -3*t + 9074, 3*t - 4*n = -2*t + 15126. Suppose -4*x + 2*k - 1018 = -t, 2513 = 5*x - k. Is x a composite number?
False
Let r = 65 - 63. Suppose -r*l - 308 = -2344. Is l composite?
True
Let y = 4898 + -2353. Is y prime?
False
Suppose 7*i = 4*i. Suppose i = t + 494 + 379. Let k = -332 - t. Is k a composite number?
False
Let d(o) = o**3 + 5*o + 505. Suppose -7*k = -11*k + 5*k. Is d(k) a prime number?
False
Suppose -8*z = -5*l - 13*z + 304035, 60803 = l + 5*z. Suppose -n + 9*n = l. Is n a composite number?
True
Suppose 0 = -c + 8 - 5. Suppose -c*v - 9 = 0, 2*v + v + 1391 = -2*o. Let w = 18 - o. Is w composite?
False
Let i(k) = -k**2 - 13*k - 9. Let q be i(-12). Suppose 3*c - 4 = f + q, 5*f = 10. Suppose 0 = n + 3*d - 75, d = -c*n + 2*n + 83. Is n prime?
False
Let o(z) = -z + 1. Let t be o(-1). Suppose 0 = -2*h - h + 12, -t*i = 2*h - 2. Let s(m) = -126*m - 7. Is s(i) a prime number?
False
Is 1*(1986 - 35/(-7)) a composite number?
True
Suppose -51*u = -54*u + 39. Suppose u*q - 548 = 44081. Is q a composite number?
False
Suppose -22*m = -24067 - 98407. Is m composite?
True
Let m = -10 - -11. Let j be (3 - (2 + m))/3. Suppose j = -4*v + 45 + 95. Is v a composite number?
True
Let p(r) = -r**3 - 8*r**2 + 9*r + 5. Let k be p(-9). Suppose -k*j = -3*q + 659, q - 321 = 2*j - 102. Is q prime?
True
Let j(i) = -4*i**3 + 2*i**2 + 2*i + 2. Let f be j(9). Let h = f + 4188. Is h composite?
True
Suppose -2*f + 0*f - 4 = 0. Is f - (-4 - -3)*341 a composite number?
True
Suppose -5*z - 9*x = -7*x - 10, 15 = 3*x. Suppose -3*q - q = 3*f - 388, 4*q - 4 = 0. Is (5 - 6) + z + f prime?
True
Let l = 13 - 34. Let u be (0 - 14)/(3/l). Suppose -4*k - 3*m + u = -57, 2*k = -5*m + 95. Is k a prime number?
False
Let u(w) = -12*w + 23. Let s = 13 + -26. Is u(s) composite?
False
Suppose k - 5*q - 36847 = 0, 2*k + 2*k = -2*q + 147300. Suppose 0 = -3*w + 5*f + k, -3*w = -0*w - f - 36811. Is w composite?
False
Let y be (5/2 + -2)*0. Suppose y*s + 2*s = 10. Suppose -3*z - s*x = -352, 3*x + 0 = -3. Is z a prime number?
False
Let h = 1948 - 125. Is h a composite number?
False
Is ((-934)/3)/(7*10/(-105)) prime?
True
Let b(k) = -669*k**3 - k**2 - 2*k - 3. Is b(-1) a composite number?
True
Is (557/4)/((-4)/(-976)) a prime number?
False
Suppose -a - 7*a = -10*a. Suppose 3*x + 2*y - 4431 = a, 3*x - 2*y = -3*y + 4431. Is x a prime number?
False
Suppose -v = -4*v + 1101. Suppose -2*z + 1514 = 4*s, 2*z - 386 = s - 2*s. Let p = s + v. Is p a prime number?
True
Let o be (-5)/((-4)/((-228)/(-1))). Suppose 0*x + 3*x - o = 0. Suppose 3*n - 4*z = 243, 2*n - 4*z = -x + 253. Is n prime?
False
Let x = 5 + -4. Let q be 30/7*(57 - x). Suppose -r - 34 + q = 0. Is r a composite number?
True
Is 